{"id":745,"date":"2011-02-27T21:59:08","date_gmt":"2011-02-27T20:59:08","guid":{"rendered":"http:\/\/www.petra-busch.de\/pb\/?page_id=745"},"modified":"2017-03-06T17:46:58","modified_gmt":"2017-03-06T16:46:58","slug":"pressebilder","status":"publish","type":"page","link":"https:\/\/www.petra-busch.de\/pb\/?page_id=745","title":{"rendered":"Pressebilder"},"content":{"rendered":"<p>Copyright der Fotos bei den jeweils genannten Fotografen.<\/p>\n<p>Sie k\u00f6nnen die Bilder kostenfrei herunterladen und f\u00fcr Ihre Berichterstattung (bitte mit Nennung des Fotografen) verwenden. Zum Vergr\u00f6\u00dfern einfach anklicken.<\/p>\n<p>&nbsp;<\/p>\n<p><a href=\"http:\/\/www.petra-busch.de\/pb\/wp-content\/uploads\/2011\/02\/Petra_Busch-April_2014.jpg\"><img decoding=\"async\" loading=\"lazy\" class=\"alignleft size-medium wp-image-2287\" src=\"http:\/\/www.petra-busch.de\/pb\/wp-content\/uploads\/2011\/02\/Petra_Busch-April_2014-300x239.jpg\" alt=\"Petra_Busch April_2014\" width=\"300\" height=\"239\" srcset=\"https:\/\/www.petra-busch.de\/pb\/wp-content\/uploads\/2011\/02\/Petra_Busch-April_2014-300x239.jpg 300w, https:\/\/www.petra-busch.de\/pb\/wp-content\/uploads\/2011\/02\/Petra_Busch-April_2014-1024x817.jpg 1024w\" sizes=\"(max-width: 300px) 100vw, 300px\" \/><\/a><\/p>\n<p>&nbsp;<\/p>\n<p>&nbsp;<\/p>\n<p>&nbsp;<\/p>\n<p>&nbsp;<\/p>\n<p>&nbsp;<\/p>\n<p>Foto: privat<\/p>\n<p>&nbsp;<\/p>\n<p><a href=\"http:\/\/www.petra-busch.de\/pb\/wp-content\/uploads\/2011\/02\/Autorin_PetraBusch-Fotografin_JanaKay_01.jpg\"><br \/>\n<\/a><a href=\"http:\/\/www.petra-busch.de\/pb\/wp-content\/uploads\/2011\/02\/Autorin_PetraBusch-Fotografin_JanaKay_01.jpg\"><img decoding=\"async\" loading=\"lazy\" class=\"alignleft size-medium wp-image-1558\" style=\"border: 0px initial initial;\" title=\"Autorin_Petra Busch-Fotografin_Jana Kay_01\" src=\"http:\/\/www.petra-busch.de\/pb\/wp-content\/uploads\/2011\/02\/Autorin_PetraBusch-Fotografin_JanaKay_01-300x200.jpg\" alt=\"\" width=\"300\" height=\"200\" srcset=\"https:\/\/www.petra-busch.de\/pb\/wp-content\/uploads\/2011\/02\/Autorin_PetraBusch-Fotografin_JanaKay_01-300x200.jpg 300w, https:\/\/www.petra-busch.de\/pb\/wp-content\/uploads\/2011\/02\/Autorin_PetraBusch-Fotografin_JanaKay_01-1024x682.jpg 1024w\" sizes=\"(max-width: 300px) 100vw, 300px\" \/><\/a><\/p>\n<p>&nbsp;<\/p>\n<p>&nbsp;<\/p>\n<p>&nbsp;<\/p>\n<p>&nbsp;<\/p>\n<p>&nbsp;<\/p>\n<p>Foto: Jana Kay<\/p>\n<p>&nbsp;<\/p>\n<p><a href=\"http:\/\/www.petra-busch.de\/pb\/wp-content\/uploads\/2011\/02\/Autorin_PetraBusch-Fotografin_JanaKay_03.jpg\"><img decoding=\"async\" loading=\"lazy\" class=\"alignleft size-medium wp-image-1721\" title=\"Autorin_PetraBusch-Fotografin_JanaKay_03\" src=\"http:\/\/www.petra-busch.de\/pb\/wp-content\/uploads\/2011\/02\/Autorin_PetraBusch-Fotografin_JanaKay_03-300x200.jpg\" alt=\"\" width=\"300\" height=\"200\" srcset=\"https:\/\/www.petra-busch.de\/pb\/wp-content\/uploads\/2011\/02\/Autorin_PetraBusch-Fotografin_JanaKay_03-300x200.jpg 300w, https:\/\/www.petra-busch.de\/pb\/wp-content\/uploads\/2011\/02\/Autorin_PetraBusch-Fotografin_JanaKay_03-1024x682.jpg 1024w\" sizes=\"(max-width: 300px) 100vw, 300px\" \/><\/a><\/p>\n<p>&nbsp;<\/p>\n<p>&nbsp;<\/p>\n<p>&nbsp;<\/p>\n<p>&nbsp;<\/p>\n<p>&nbsp;<\/p>\n<p>Foto:\u00a0Jana Kay<\/p>\n<p>&nbsp;<\/p>\n<p>&nbsp;<\/p>\n<p>&nbsp;<\/p>\n<p>&nbsp;<\/p>\n","protected":false},"excerpt":{"rendered":"<p>Copyright der Fotos bei den jeweils genannten Fotografen. Sie k\u00f6nnen die Bilder kostenfrei herunterladen und f\u00fcr Ihre Berichterstattung (bitte mit Nennung des Fotografen) verwenden. Zum Vergr\u00f6\u00dfern einfach anklicken. &nbsp; &nbsp; &nbsp; &nbsp; &nbsp; &nbsp; Foto: privat &nbsp; &nbsp; &nbsp; &nbsp; &nbsp; &nbsp; Foto: Jana Kay &nbsp; &nbsp; &nbsp; &nbsp; &nbsp; &nbsp; Foto:\u00a0Jana Kay &nbsp; &nbsp; [&hellip;]<\/p>\n","protected":false},"author":1212,"featured_media":0,"parent":83,"menu_order":3,"comment_status":"closed","ping_status":"closed","template":"","meta":[],"_links":{"self":[{"href":"https:\/\/www.petra-busch.de\/pb\/index.php?rest_route=\/wp\/v2\/pages\/745"}],"collection":[{"href":"https:\/\/www.petra-busch.de\/pb\/index.php?rest_route=\/wp\/v2\/pages"}],"about":[{"href":"https:\/\/www.petra-busch.de\/pb\/index.php?rest_route=\/wp\/v2\/types\/page"}],"author":[{"embeddable":true,"href":"https:\/\/www.petra-busch.de\/pb\/index.php?rest_route=\/wp\/v2\/users\/1212"}],"replies":[{"embeddable":true,"href":"https:\/\/www.petra-busch.de\/pb\/index.php?rest_route=%2Fwp%2Fv2%2Fcomments&post=745"}],"version-history":[{"count":86,"href":"https:\/\/www.petra-busch.de\/pb\/index.php?rest_route=\/wp\/v2\/pages\/745\/revisions"}],"predecessor-version":[{"id":2631,"href":"https:\/\/www.petra-busch.de\/pb\/index.php?rest_route=\/wp\/v2\/pages\/745\/revisions\/2631"}],"up":[{"embeddable":true,"href":"https:\/\/www.petra-busch.de\/pb\/index.php?rest_route=\/wp\/v2\/pages\/83"}],"wp:attachment":[{"href":"https:\/\/www.petra-busch.de\/pb\/index.php?rest_route=%2Fwp%2Fv2%2Fmedia&parent=745"}],"curies":[{"name":"wp","href":"https:\/\/api.w.org\/{rel}","templated":true}]}}

<p>Copyright der Fotos bei den jeweils genannten Fotografen.</p>
<p>Sie können die Bilder kostenfrei herunterladen und für Ihre Berichterstattung (bitte mit Nennung des Fotografen) verwenden. Zum Vergrößern einfach anklicken.</p>
<p>&nbsp;</p>
<p><a href="http://www.petra-busch.de/pb/wp-content/uploads/2011/02/Petra_Busch-April_2014.jpg"><img decoding="async" loading="lazy" class="alignleft size-medium wp-image-2287" src="http://www.petra-busch.de/pb/wp-content/uploads/2011/02/Petra_Busch-April_2014-300x239.jpg" alt="Petra_Busch April_2014" width="300" height="239" srcset="https://www.petra-busch.de/pb/wp-content/uploads/2011/02/Petra_Busch-April_2014-300x239.jpg 300w, https://www.petra-busch.de/pb/wp-content/uploads/2011/02/Petra_Busch-April_2014-1024x817.jpg 1024w" sizes="(max-width: 300px) 100vw, 300px" /></a></p>
<p>&nbsp;</p>
<p>&nbsp;</p>
<p>&nbsp;</p>
<p>&nbsp;</p>
<p>&nbsp;</p>
<p>Foto: privat</p>
<p>&nbsp;</p>
<p><a href="http://www.petra-busch.de/pb/wp-content/uploads/2011/02/Autorin_PetraBusch-Fotografin_JanaKay_01.jpg"><br />
</a><a href="http://www.petra-busch.de/pb/wp-content/uploads/2011/02/Autorin_PetraBusch-Fotografin_JanaKay_01.jpg"><img decoding="async" loading="lazy" class="alignleft size-medium wp-image-1558" style="border: 0px initial initial;" title="Autorin_Petra Busch-Fotografin_Jana Kay_01" src="http://www.petra-busch.de/pb/wp-content/uploads/2011/02/Autorin_PetraBusch-Fotografin_JanaKay_01-300x200.jpg" alt="" width="300" height="200" srcset="https://www.petra-busch.de/pb/wp-content/uploads/2011/02/Autorin_PetraBusch-Fotografin_JanaKay_01-300x200.jpg 300w, https://www.petra-busch.de/pb/wp-content/uploads/2011/02/Autorin_PetraBusch-Fotografin_JanaKay_01-1024x682.jpg 1024w" sizes="(max-width: 300px) 100vw, 300px" /></a></p>
<p>&nbsp;</p>
<p>&nbsp;</p>
<p>&nbsp;</p>
<p>&nbsp;</p>
<p>&nbsp;</p>
<p>Foto: Jana Kay</p>
<p>&nbsp;</p>
<p><a href="http://www.petra-busch.de/pb/wp-content/uploads/2011/02/Autorin_PetraBusch-Fotografin_JanaKay_03.jpg"><img decoding="async" loading="lazy" class="alignleft size-medium wp-image-1721" title="Autorin_PetraBusch-Fotografin_JanaKay_03" src="http://www.petra-busch.de/pb/wp-content/uploads/2011/02/Autorin_PetraBusch-Fotografin_JanaKay_03-300x200.jpg" alt="" width="300" height="200" srcset="https://www.petra-busch.de/pb/wp-content/uploads/2011/02/Autorin_PetraBusch-Fotografin_JanaKay_03-300x200.jpg 300w, https://www.petra-busch.de/pb/wp-content/uploads/2011/02/Autorin_PetraBusch-Fotografin_JanaKay_03-1024x682.jpg 1024w" sizes="(max-width: 300px) 100vw, 300px" /></a></p>
<p>&nbsp;</p>
<p>&nbsp;</p>
<p>&nbsp;</p>
<p>&nbsp;</p>
<p>&nbsp;</p>
<p>Foto: Jana Kay</p>
<p>&nbsp;</p>
<p>&nbsp;</p>
<p>&nbsp;</p>
<p>&nbsp;</p>

<p>Copyright der Fotos bei den jeweils genannten Fotografen. Sie können die Bilder kostenfrei herunterladen und für Ihre Berichterstattung (bitte mit Nennung des Fotografen) verwenden. Zum Vergrößern einfach anklicken. &nbsp; &nbsp; &nbsp; &nbsp; &nbsp; &nbsp; Foto: privat &nbsp; &nbsp; &nbsp; &nbsp; &nbsp; &nbsp; Foto: Jana Kay &nbsp; &nbsp; &nbsp; &nbsp; &nbsp; &nbsp; Foto: Jana Kay &nbsp; &nbsp; [&hellip;]</p>
