{"id":62,"date":"2011-02-08T14:36:16","date_gmt":"2011-02-08T14:36:16","guid":{"rendered":"http:\/\/petrabusch.wordpress.com\/?page_id=62"},"modified":"2013-05-18T22:42:42","modified_gmt":"2013-05-18T20:42:42","slug":"marzipanhonig","status":"publish","type":"page","link":"https:\/\/www.petra-busch.de\/pb\/?page_id=62","title":{"rendered":"Marzipanhonig"},"content":{"rendered":"<p><a href=\"http:\/\/www.petra-busch.de\/pb\/wp-content\/uploads\/2011\/02\/Scharf-geschossen-250px-hoch1.jpg\"><img decoding=\"async\" loading=\"lazy\" class=\"alignleft size-full wp-image-352\" title=\"Cover &quot;Scharf geschossen&quot;\" alt=\"\" src=\"http:\/\/www.petra-busch.de\/pb\/wp-content\/uploads\/2011\/02\/Scharf-geschossen-250px-hoch1.jpg\" width=\"167\" height=\"250\" \/><\/a>&#8222;Ich habe verspielt. Mich ins Aus gekickt \u2013 wie Sie wollen. Nat\u00fcrlich habe ich mich gewehrt. Mit H\u00e4nden und F\u00fc\u00dfen, sogar gebissen und gekratzt habe ich. Am T\u00fcrrahmen der Zelle, in die mich der stiernackige Polizist vor ein paar Stunden gezerrt hat, h\u00e4ngen die Splitter meines Nagellacks \u2013 so rot wie die Karte, die ich f\u00fcr dieses Finale verdient habe (\u2026). Im Verlieren bin ich Weltmeister.<\/p>\n<p>Es war einer der letzten Junitage gewesen, kurz vor Mitternacht. Ich starrte auf die riesige Waschtrommel und dachte \u00fcber mein knapp vierzigj\u00e4hriges Leben nach. Dass heute der Ansto\u00df war f\u00fcr eine meiner typischen Niederlagen, hatte ich gewusst, seit mir am Morgen diese k\u00f6nigspudelfrisierte Oma das letzte Milchbr\u00f6tchen vor der Nase weggeschnappt hatte, gegen Mittag mein Wellensittich Butschi zum Blubbern der Kaffeemaschine stumm von der Stange geplumpst war und ich beim Versuch seiner Entsorgung eine Verstopfung im WC produziert hatte. Vielleicht h\u00e4tte ich ihn nicht in eine vierlagige Rolle Klopapier wickeln sollen, aber ein bisschen Piet\u00e4t hatte schlie\u00dflich auch er verdient, und mitten in Frankfurt verbuddeln, das w\u00e4re ja auch nicht gegangen.<br \/>\nZur Kr\u00f6nung des Tages betrat ich vorhin, den gro\u00dfen Stoffsack unter dem Arm, den kleinen Waschsalon \u2013 und sah sofort: Waschmaschine sieben war besetzt! <em>Meine<\/em> Sieben!&#8220;<\/p>\n<p>So beginnt <strong>&#8222;Marzipanhonig&#8220;<\/strong> \u2013 nach dem die verschwitzten Trikots einer deutschen Torj\u00e4gerin duften und der aus einer Waschsalon-Begegnung eine witzig-chaotische Stalking-Geschichte macht. Mit einem Finale so tragikomisch wie \u00fcberraschend \u2026<\/p>\n<p><strong>Die Autorinnen<\/strong>:<\/p>\n<p>Nessa Altura, Petra Busch, Sabine Deitmer, Christiane Franke, Nina George, Brigitte Glaser, Kathrin Heinrichs, Carmen Korn, Tatjana Kruse, Judith Merchant und Susanne Mischke.<\/p>\n<p><strong>Rebecca Gabl\u00e9 &amp; Thomas Hoeps (Hg.): Scharf geschossen.<\/strong> Die Krimi-Anthologie zur Frauen-Fu\u00dfball-WM 2011<strong><br \/>\nTaschenbuch:<\/strong> 160 Seiten<br \/>\n<strong>Verlag: <\/strong>KBV (Mai 2011)<br \/>\n<strong>ISBN:<\/strong> 978-3942446105<br \/>\n<strong> <\/strong><strong>Preis:<\/strong> 8,99 Euro<\/p>\n<p><a href=\"http:\/\/www.amazon.de\/Scharf-geschossen-Krimi-Anthologie-Frauen-Fu%C3%9Fball-WM-2011\/dp\/3942446103\/ref=s9_simh_gw_p14_d0_i1_2\" target=\"_blank\"><span style=\"color: #888888;\">Buch bestellen<\/span><\/a><\/p>\n","protected":false},"excerpt":{"rendered":"<p>&#8222;Ich habe verspielt. Mich ins Aus gekickt \u2013 wie Sie wollen. Nat\u00fcrlich habe ich mich gewehrt. Mit H\u00e4nden und F\u00fc\u00dfen, sogar gebissen und gekratzt habe ich. Am T\u00fcrrahmen der Zelle, in die mich der stiernackige Polizist vor ein paar Stunden gezerrt hat, h\u00e4ngen die Splitter meines Nagellacks \u2013 so rot wie die Karte, die ich [&hellip;]<\/p>\n","protected":false},"author":1212,"featured_media":0,"parent":39,"menu_order":17,"comment_status":"closed","ping_status":"closed","template":"","meta":[],"_links":{"self":[{"href":"https:\/\/www.petra-busch.de\/pb\/index.php?rest_route=\/wp\/v2\/pages\/62"}],"collection":[{"href":"https:\/\/www.petra-busch.de\/pb\/index.php?rest_route=\/wp\/v2\/pages"}],"about":[{"href":"https:\/\/www.petra-busch.de\/pb\/index.php?rest_route=\/wp\/v2\/types\/page"}],"author":[{"embeddable":true,"href":"https:\/\/www.petra-busch.de\/pb\/index.php?rest_route=\/wp\/v2\/users\/1212"}],"replies":[{"embeddable":true,"href":"https:\/\/www.petra-busch.de\/pb\/index.php?rest_route=%2Fwp%2Fv2%2Fcomments&post=62"}],"version-history":[{"count":25,"href":"https:\/\/www.petra-busch.de\/pb\/index.php?rest_route=\/wp\/v2\/pages\/62\/revisions"}],"predecessor-version":[{"id":664,"href":"https:\/\/www.petra-busch.de\/pb\/index.php?rest_route=\/wp\/v2\/pages\/62\/revisions\/664"}],"up":[{"embeddable":true,"href":"https:\/\/www.petra-busch.de\/pb\/index.php?rest_route=\/wp\/v2\/pages\/39"}],"wp:attachment":[{"href":"https:\/\/www.petra-busch.de\/pb\/index.php?rest_route=%2Fwp%2Fv2%2Fmedia&parent=62"}],"curies":[{"name":"wp","href":"https:\/\/api.w.org\/{rel}","templated":true}]}}

<p><a href="http://www.petra-busch.de/pb/wp-content/uploads/2011/02/Scharf-geschossen-250px-hoch1.jpg"><img decoding="async" loading="lazy" class="alignleft size-full wp-image-352" title="Cover &quot;Scharf geschossen&quot;" alt="" src="http://www.petra-busch.de/pb/wp-content/uploads/2011/02/Scharf-geschossen-250px-hoch1.jpg" width="167" height="250" /></a>&#8222;Ich habe verspielt. Mich ins Aus gekickt – wie Sie wollen. Natürlich habe ich mich gewehrt. Mit Händen und Füßen, sogar gebissen und gekratzt habe ich. Am Türrahmen der Zelle, in die mich der stiernackige Polizist vor ein paar Stunden gezerrt hat, hängen die Splitter meines Nagellacks – so rot wie die Karte, die ich für dieses Finale verdient habe (…). Im Verlieren bin ich Weltmeister.</p>
<p>Es war einer der letzten Junitage gewesen, kurz vor Mitternacht. Ich starrte auf die riesige Waschtrommel und dachte über mein knapp vierzigjähriges Leben nach. Dass heute der Anstoß war für eine meiner typischen Niederlagen, hatte ich gewusst, seit mir am Morgen diese königspudelfrisierte Oma das letzte Milchbrötchen vor der Nase weggeschnappt hatte, gegen Mittag mein Wellensittich Butschi zum Blubbern der Kaffeemaschine stumm von der Stange geplumpst war und ich beim Versuch seiner Entsorgung eine Verstopfung im WC produziert hatte. Vielleicht hätte ich ihn nicht in eine vierlagige Rolle Klopapier wickeln sollen, aber ein bisschen Pietät hatte schließlich auch er verdient, und mitten in Frankfurt verbuddeln, das wäre ja auch nicht gegangen.<br />
Zur Krönung des Tages betrat ich vorhin, den großen Stoffsack unter dem Arm, den kleinen Waschsalon – und sah sofort: Waschmaschine sieben war besetzt! <em>Meine</em> Sieben!&#8220;</p>
<p>So beginnt <strong>&#8222;Marzipanhonig&#8220;</strong> – nach dem die verschwitzten Trikots einer deutschen Torjägerin duften und der aus einer Waschsalon-Begegnung eine witzig-chaotische Stalking-Geschichte macht. Mit einem Finale so tragikomisch wie überraschend …</p>
<p><strong>Die Autorinnen</strong>:</p>
<p>Nessa Altura, Petra Busch, Sabine Deitmer, Christiane Franke, Nina George, Brigitte Glaser, Kathrin Heinrichs, Carmen Korn, Tatjana Kruse, Judith Merchant und Susanne Mischke.</p>
<p><strong>Rebecca Gablé &amp; Thomas Hoeps (Hg.): Scharf geschossen.</strong> Die Krimi-Anthologie zur Frauen-Fußball-WM 2011<strong><br />
Taschenbuch:</strong> 160 Seiten<br />
<strong>Verlag: </strong>KBV (Mai 2011)<br />
<strong>ISBN:</strong> 978-3942446105<br />
<strong> </strong><strong>Preis:</strong> 8,99 Euro</p>
<p><a href="http://www.amazon.de/Scharf-geschossen-Krimi-Anthologie-Frauen-Fu%C3%9Fball-WM-2011/dp/3942446103/ref=s9_simh_gw_p14_d0_i1_2" target="_blank"><span style="color: #888888;">Buch bestellen</span></a></p>

<p>&#8222;Ich habe verspielt. Mich ins Aus gekickt – wie Sie wollen. Natürlich habe ich mich gewehrt. Mit Händen und Füßen, sogar gebissen und gekratzt habe ich. Am Türrahmen der Zelle, in die mich der stiernackige Polizist vor ein paar Stunden gezerrt hat, hängen die Splitter meines Nagellacks – so rot wie die Karte, die ich [&hellip;]</p>
