{"id":83,"date":"2011-02-08T15:53:18","date_gmt":"2011-02-08T15:53:18","guid":{"rendered":"http:\/\/petrabusch.wordpress.com\/?page_id=83"},"modified":"2011-02-27T23:49:23","modified_gmt":"2011-02-27T22:49:23","slug":"presse","status":"publish","type":"page","link":"http:\/\/www.petra-busch.de\/pb\/?page_id=83","title":{"rendered":"Presse"},"content":{"rendered":"<p><strong>Von Redakteuren und f\u00fcr Redakteure:<br \/>\n<\/strong><\/p>\n<p><a href=\"http:\/\/www.petra-busch.de\/pb\/?page_id=229\"><strong>Pressestimmen<\/strong><\/a>: Berichte &amp; Rezensionen \u00fcber B\u00fccher und Lesungen<\/p>\n<p><a href=\"http:\/\/www.petra-busch.de\/pb\/?page_id=227\"><strong>Interviews<\/strong><\/a> (Print &amp; H\u00f6rfunk) mit viel Pers\u00f6nlichem und manchem Augenzwinkern<\/p>\n<p><a href=\"http:\/\/www.petra-busch.de\/pb\/?page_id=745\"><strong>Pressefotos<\/strong><\/a> zum kostenfreien Abdruck<\/p>\n<p>&nbsp;<\/p>\n<p>&nbsp;<\/p>\n","protected":false},"excerpt":{"rendered":"<p>Von Redakteuren und f\u00fcr Redakteure: Pressestimmen: Berichte &amp; Rezensionen \u00fcber B\u00fccher und Lesungen Interviews (Print &amp; H\u00f6rfunk) mit viel Pers\u00f6nlichem und manchem Augenzwinkern Pressefotos zum kostenfreien Abdruck &nbsp; &nbsp;<\/p>\n","protected":false},"author":1212,"featured_media":0,"parent":0,"menu_order":5,"comment_status":"closed","ping_status":"closed","template":"","meta":[],"_links":{"self":[{"href":"http:\/\/www.petra-busch.de\/pb\/index.php?rest_route=\/wp\/v2\/pages\/83"}],"collection":[{"href":"http:\/\/www.petra-busch.de\/pb\/index.php?rest_route=\/wp\/v2\/pages"}],"about":[{"href":"http:\/\/www.petra-busch.de\/pb\/index.php?rest_route=\/wp\/v2\/types\/page"}],"author":[{"embeddable":true,"href":"http:\/\/www.petra-busch.de\/pb\/index.php?rest_route=\/wp\/v2\/users\/1212"}],"replies":[{"embeddable":true,"href":"http:\/\/www.petra-busch.de\/pb\/index.php?rest_route=%2Fwp%2Fv2%2Fcomments&post=83"}],"version-history":[{"count":6,"href":"http:\/\/www.petra-busch.de\/pb\/index.php?rest_route=\/wp\/v2\/pages\/83\/revisions"}],"predecessor-version":[{"id":791,"href":"http:\/\/www.petra-busch.de\/pb\/index.php?rest_route=\/wp\/v2\/pages\/83\/revisions\/791"}],"wp:attachment":[{"href":"http:\/\/www.petra-busch.de\/pb\/index.php?rest_route=%2Fwp%2Fv2%2Fmedia&parent=83"}],"curies":[{"name":"wp","href":"https:\/\/api.w.org\/{rel}","templated":true}]}}

<p><strong>Von Redakteuren und für Redakteure:<br />
</strong></p>
<p><a href="http://www.petra-busch.de/pb/?page_id=229"><strong>Pressestimmen</strong></a>: Berichte &amp; Rezensionen über Bücher und Lesungen</p>
<p><a href="http://www.petra-busch.de/pb/?page_id=227"><strong>Interviews</strong></a> (Print &amp; Hörfunk) mit viel Persönlichem und manchem Augenzwinkern</p>
<p><a href="http://www.petra-busch.de/pb/?page_id=745"><strong>Pressefotos</strong></a> zum kostenfreien Abdruck</p>
<p>&nbsp;</p>
<p>&nbsp;</p>

<p>Von Redakteuren und für Redakteure: Pressestimmen: Berichte &amp; Rezensionen über Bücher und Lesungen Interviews (Print &amp; Hörfunk) mit viel Persönlichem und manchem Augenzwinkern Pressefotos zum kostenfreien Abdruck &nbsp; &nbsp;</p>
