{"id":2370,"date":"2014-09-27T16:30:25","date_gmt":"2014-09-27T14:30:25","guid":{"rendered":"http:\/\/www.petra-busch.de\/pb\/?page_id=2370"},"modified":"2014-12-02T12:13:26","modified_gmt":"2014-12-02T11:13:26","slug":"der-taubenpflucker","status":"publish","type":"page","link":"http:\/\/www.petra-busch.de\/pb\/?page_id=2370","title":{"rendered":"Der Taubenpfl\u00fccker"},"content":{"rendered":"<p><a href=\"http:\/\/www.petra-busch.de\/pb\/wp-content\/uploads\/2014\/09\/Cover-Stollen-Schnee-und-Sensemann-klein.jpg\"><img decoding=\"async\" loading=\"lazy\" class=\"alignleft size-full wp-image-2425\" src=\"http:\/\/www.petra-busch.de\/pb\/wp-content\/uploads\/2014\/09\/Cover-Stollen-Schnee-und-Sensemann-klein.jpg\" alt=\"Cover-Stollen Schnee und Sensemann-klein\" width=\"164\" height=\"250\" \/><\/a>Von Flensburg bis zum W\u00f6rtersee wird wieder weihnachtlich vergiftet, erdrosselt, aufgespie\u00dft, gemeuchelt und verscharrt. Und das gleich 24 Mal.\u00a0So ist der Kurzkrimi-Sammelband <strong>Stollen, Schnee und Sensenmann<\/strong> zugleich ein m\u00f6rderischer Adventskalender.<\/p>\n<p><strong>\u201cDer Taubenpfl\u00fccker\u201d<\/strong> alias Dieter Weber, Finanzbeamter und Hauptfigur in Petra Buschs Geschichte, liebt weder Stollen, Schnee noch erst recht nicht den Sensenmann. Daf\u00fcr aber gebratene T\u00e4ubchen. Dass er die Tiere auf ungew\u00f6hnliche Weise und beobachtet von drei merkw\u00fcrdigen stillen Kindern und einer alten Dame selbst einf\u00e4ngt und t\u00f6tet, macht nicht nur ihn selbst zunehmend nerv\u00f6s. Denn schon bald verfangen sich nicht nur die friedlichen Tauben in Webers t\u00f6dlichen Fallen, sondern Weber selbst sieht sich in einem unsichtbaren Netz aus Angst, Gefahr und Misstrauen gefangen. Und das zieht sich immer enger \u2026\u00a0Die Geschichte beruht auf einem wahren Hintergrund.<\/p>\n<p><strong>Autorinnen und Autoren<\/strong> (in Reihenfolge der Storys): Thomas Kastura, Christiane Franke, Petra Busch, Jean Bagnol, Alexandra Richter, Su Turhan, Helene Henke, Franz Zeller, Eva Maaser, Helga Beyersd\u00f6rfer, Mechthild Borrmann, Linda Conrads, Christian Limmer, Tatjana Kruse, Richard Birkefeld, Romy F\u00f6lck, Sabine Trinkaus, Jan Schr\u00f6ter, Sven Koch, Nicola F\u00f6rg, Daniel Holbe, Stefan Haenni, Gisa Pauly und Gert Anhalt.<\/p>\n<p><strong>Teresa P\u00fctz (Hg.): Stollen, Schnee und Sensenmann. 24 Weihnachtskrimis von Flensburg bis zum W\u00f6rthersee.<\/strong><\/p>\n<p><strong>Taschenbuch\u00a0<\/strong>(416 Seiten) und\u00a0<strong>eBook<\/strong>\u00a0(432 Seiten)<strong><br \/>\nVerlag:\u00a0<\/strong>Knaur \u00a0(1. Oktober 2014)<strong><br \/>\n<\/strong><strong>ISBN TB<\/strong>: 978-3-426-51609-6\u00a0| 416 Seiten<br \/>\n<strong>ISBN eBook<\/strong>:\u00a0978-3-426-42536-7\u00a0\u00a0| 432 Seiten<br \/>\n<strong>Preis:<\/strong>\u00a09,99 \u20ac<\/p>\n<p><a href=\"http:\/\/www.droemer-knaur.de\/buch\/Stollen,+Schnee+und+Sensenmann.7983501.html\" target=\"_blank\">Stollen, Schnee und Sensenmann bestellen (TB)<br \/>\n<\/a><a href=\"http:\/\/www.droemer-knaur.de\/ebooks\/7983502\/stollen-schnee-und-sensenmann\" target=\"_blank\">eBook kaufen\/herunterladen\u00a0<\/a><\/p>\n<p>&nbsp;<\/p>\n","protected":false},"excerpt":{"rendered":"<p>Von Flensburg bis zum W\u00f6rtersee wird wieder weihnachtlich vergiftet, erdrosselt, aufgespie\u00dft, gemeuchelt und verscharrt. Und das gleich 24 Mal.\u00a0So ist der Kurzkrimi-Sammelband Stollen, Schnee und Sensenmann zugleich ein m\u00f6rderischer Adventskalender. \u201cDer Taubenpfl\u00fccker\u201d alias Dieter Weber, Finanzbeamter und Hauptfigur in Petra Buschs Geschichte, liebt weder Stollen, Schnee noch erst recht nicht den Sensenmann. Daf\u00fcr aber gebratene [&hellip;]<\/p>\n","protected":false},"author":1212,"featured_media":0,"parent":39,"menu_order":9,"comment_status":"closed","ping_status":"closed","template":"","meta":[],"_links":{"self":[{"href":"http:\/\/www.petra-busch.de\/pb\/index.php?rest_route=\/wp\/v2\/pages\/2370"}],"collection":[{"href":"http:\/\/www.petra-busch.de\/pb\/index.php?rest_route=\/wp\/v2\/pages"}],"about":[{"href":"http:\/\/www.petra-busch.de\/pb\/index.php?rest_route=\/wp\/v2\/types\/page"}],"author":[{"embeddable":true,"href":"http:\/\/www.petra-busch.de\/pb\/index.php?rest_route=\/wp\/v2\/users\/1212"}],"replies":[{"embeddable":true,"href":"http:\/\/www.petra-busch.de\/pb\/index.php?rest_route=%2Fwp%2Fv2%2Fcomments&post=2370"}],"version-history":[{"count":12,"href":"http:\/\/www.petra-busch.de\/pb\/index.php?rest_route=\/wp\/v2\/pages\/2370\/revisions"}],"predecessor-version":[{"id":2426,"href":"http:\/\/www.petra-busch.de\/pb\/index.php?rest_route=\/wp\/v2\/pages\/2370\/revisions\/2426"}],"up":[{"embeddable":true,"href":"http:\/\/www.petra-busch.de\/pb\/index.php?rest_route=\/wp\/v2\/pages\/39"}],"wp:attachment":[{"href":"http:\/\/www.petra-busch.de\/pb\/index.php?rest_route=%2Fwp%2Fv2%2Fmedia&parent=2370"}],"curies":[{"name":"wp","href":"https:\/\/api.w.org\/{rel}","templated":true}]}}

Der Taubenpflücker

<p><a href="http://www.petra-busch.de/pb/wp-content/uploads/2014/09/Cover-Stollen-Schnee-und-Sensemann-klein.jpg"><img decoding="async" loading="lazy" class="alignleft size-full wp-image-2425" src="http://www.petra-busch.de/pb/wp-content/uploads/2014/09/Cover-Stollen-Schnee-und-Sensemann-klein.jpg" alt="Cover-Stollen Schnee und Sensemann-klein" width="164" height="250" /></a>Von Flensburg bis zum Wörtersee wird wieder weihnachtlich vergiftet, erdrosselt, aufgespießt, gemeuchelt und verscharrt. Und das gleich 24 Mal. So ist der Kurzkrimi-Sammelband <strong>Stollen, Schnee und Sensenmann</strong> zugleich ein mörderischer Adventskalender.</p>
<p><strong>“Der Taubenpflücker”</strong> alias Dieter Weber, Finanzbeamter und Hauptfigur in Petra Buschs Geschichte, liebt weder Stollen, Schnee noch erst recht nicht den Sensenmann. Dafür aber gebratene Täubchen. Dass er die Tiere auf ungewöhnliche Weise und beobachtet von drei merkwürdigen stillen Kindern und einer alten Dame selbst einfängt und tötet, macht nicht nur ihn selbst zunehmend nervös. Denn schon bald verfangen sich nicht nur die friedlichen Tauben in Webers tödlichen Fallen, sondern Weber selbst sieht sich in einem unsichtbaren Netz aus Angst, Gefahr und Misstrauen gefangen. Und das zieht sich immer enger … Die Geschichte beruht auf einem wahren Hintergrund.</p>
<p><strong>Autorinnen und Autoren</strong> (in Reihenfolge der Storys): Thomas Kastura, Christiane Franke, Petra Busch, Jean Bagnol, Alexandra Richter, Su Turhan, Helene Henke, Franz Zeller, Eva Maaser, Helga Beyersdörfer, Mechthild Borrmann, Linda Conrads, Christian Limmer, Tatjana Kruse, Richard Birkefeld, Romy Fölck, Sabine Trinkaus, Jan Schröter, Sven Koch, Nicola Förg, Daniel Holbe, Stefan Haenni, Gisa Pauly und Gert Anhalt.</p>
<p><strong>Teresa Pütz (Hg.): Stollen, Schnee und Sensenmann. 24 Weihnachtskrimis von Flensburg bis zum Wörthersee.</strong></p>
<p><strong>Taschenbuch </strong>(416 Seiten) und <strong>eBook</strong> (432 Seiten)<strong><br />
Verlag: </strong>Knaur  (1. Oktober 2014)<strong><br />
</strong><strong>ISBN TB</strong>: 978-3-426-51609-6 | 416 Seiten<br />
<strong>ISBN eBook</strong>: 978-3-426-42536-7  | 432 Seiten<br />
<strong>Preis:</strong> 9,99 €</p>
<p><a href="http://www.droemer-knaur.de/buch/Stollen,+Schnee+und+Sensenmann.7983501.html" target="_blank">Stollen, Schnee und Sensenmann bestellen (TB)<br />
</a><a href="http://www.droemer-knaur.de/ebooks/7983502/stollen-schnee-und-sensenmann" target="_blank">eBook kaufen/herunterladen </a></p>
<p>&nbsp;</p>

<p>Von Flensburg bis zum Wörtersee wird wieder weihnachtlich vergiftet, erdrosselt, aufgespießt, gemeuchelt und verscharrt. Und das gleich 24 Mal. So ist der Kurzkrimi-Sammelband Stollen, Schnee und Sensenmann zugleich ein mörderischer Adventskalender. “Der Taubenpflücker” alias Dieter Weber, Finanzbeamter und Hauptfigur in Petra Buschs Geschichte, liebt weder Stollen, Schnee noch erst recht nicht den Sensenmann. Dafür aber gebratene [&hellip;]</p>
